s divided by 69?
4
Calculate the remainder when 648381 is divided by 40518.
93
Calculate the remainder when 2490700 is divided by 10044.
9832
Calculate the remainder when 40374 is divided by 981.
153
What is the remainder when 5685649 is divided by 192?
145
Calculate the remainder when 64439 is divided by 2150.
2089
What is the remainder when 291447 is divided by 1778?
1633
Calculate the remainder when 374285607 is divided by 2430.
2427
What is the remainder when 4253785 is divided by 2?
1
What is the remainder when 72582992 is divided by 68?
64
Calculate the remainder when 29141614 is divided by 16806.
10
Calculate the remainder when 27146 is divided by 2715.
2711
Calculate the remainder when 450347 is divided by 79.
47
Calculate the remainder when 1786896 is divided by 223362.
0
What is the remainder when 599761 is divided by 3997?
211
Calculate the remainder when 663308 is divided by 667.
310
Calculate the remainder when 11719989 is divided by 4.
1
What is the remainder when 48861004 is divided by 130296?
4
Calculate the remainder when 1834188 is divided by 83353.
422
Calculate the remainder when 156010 is divided by 1392.
106
What is the remainder when 14853379 is divided by 6826?
3
What is the remainder when 16049065 is divided by 49?
46
Calculate the remainder when 463523 is divided by 546.
515
What is the remainder when 2032163 is divided by 1100?
463
What is the remainder when 270866 is divided by 25?
16
Calculate the remainder when 73732 is divided by 12263.
154
Calculate the remainder when 1689068 is divided by 273.
17
What is the remainder when 321030 is divided by 2245?
2240
What is the remainder when 7308836 is divided by 120?
116
Calculate the remainder when 7324 is divided by 5948.
1376
What is the remainder when 50055 is divided by 5526?
321
Calculate the remainder when 307286 is divided by 67.
24
Calculate the remainder when 2830909 is divided by 6010.
199
Calculate the remainder when 21829 is divided by 4982.
1901
Calculate the remainder when 61772897 is divided by 166.
147
What is the remainder when 54686 is divided by 54102?
584
Calculate the remainder when 80554079 is divided by 3084.
3083
Calculate the remainder when 62629 is divided by 2995.
2729
What is the remainder when 996057 is divided by 341?
337
What is the remainder when 1191880 is divided by 1667?
1642
What is the remainder when 81484141 is divided by 7?
4
Calculate the remainder when 2411993 is divided by 6.
5
What is the remainder when 39877475 is divided by 47?
43
What is the remainder when 104263 is divided by 2899?
2798
What is the remainder when 202445 is divided by 20155?
895
What is the remainder when 345178 is divided by 20303?
27
What is the remainder when 90575 is divided by 3395?
2305
Calculate the remainder when 1191168 is divided by 74442.
96
What is the remainder when 3816093 is divided by 3816081?
12
Calculate the remainder when 4969027 is divided by 1084.
1055
What is the remainder when 22682 is divided by 2897?
2403
Calculate the remainder when 86371558 is divided by 2131.
2128
What is the remainder when 2783341 is divided by 10088?
9141
Calculate the remainder when 35814543 is divided by 304.
303
What is the remainder when 27088743 is divided by 2022?
9
Calculate the remainder when 130487435 is divided by 42.
29
What is the remainder when 35165290 is divided by 26087?
14
Calculate the remainder when 152115 is divided by 3513.
1056
What is the remainder when 25194240 is divided by 9?
0
Calculate the remainder when 2222217 is divided by 370367.
15
What is the remainder when 862951 is divided by 137?
125
Calculate the remainder when 7568849 is divided by 7568762.
87
Calculate the remainder when 7835170 is divided by 27300.
70
What is the remainder when 1070173 is divided by 1041?
25
Calculate the remainder when 896800 is divided by 867.
322
Calculate the remainder when 231609087 is divided by 128.
127
Calculate the remainder when 33778029 is divided by 185.
174
What is the remainder when 25959525 is divided by 24?
21
What is the remainder when 84065399 is divided by 573?
569
Calculate the remainder when 5594583 is divided by 559454.
43
Calculate the remainder when 15044189 is divided by 4894.
33
Calculate the remainder when 413188372 is divided by 344.
340
Calculate the remainder when 633889 is divided by 1384.
17
Calculate the remainder when 14533 is divided by 803.
79
Calculate the remainder when 99980 is divided by 4152.
332
Calculate the remainder when 1204757 is divided by 401015.
1712
What is the remainder when 4586572 is divided by 16?
12
Calculate the remainder when 631833 is divided by 34.
11
Calculate the remainder when 372951 is divided by 165.
51
Calculate the remainder when 366244 is divided by 366189.
55
What is the remainder when 22868441 is divided by 17066?
1
What is the remainder when 1291749 is divided by 49670?
329
Calculate the remainder when 6772 is divided by 836.
84
What is the remainder when 7489961 is divided by 328?
81
Calculate the remainder when 7153021 is divided by 2035.
2031
What is the remainder when 182246 is divided by 2964?
1442
Calculate the remainder when 29704051 is divided by 14852004.
43
What is the remainder when 13246676 is divided by 95?
66
Calculate the remainder when 3381798 is divided by 181.
175
What is the remainder when 69532 is divided by 69222?
310
What is the remainder when 7515639 is divided by 433?
58
What is the remainder when 19579196 is divided by 859?
9
What is the remainder when 22366516 is divided by 180375?
16
Calculate the remainder when 3784710 is divided by 38.
24
What is the remainder when 10636 is divided by 120?
76
Calculate the remainder when 8914932 is divided by 1782984.
12
Calculate the remainder when 1252952 is divided by 59.
28
Calculate the remainder when 55835 is divided by 436.
27
What is the remainder when 112959 is divided by 37623?
90
What is the remainder when 102419 is divided by 1490?
1099
What is the remainder when 51356415 is divided by 1419?
1386
What is the remainder when 5753871 is divided by 191?
187
Calculate the remainder when 115781 is divided by 28370.
2301
What is the remainder when 910132100 is divided by 1657?
1652
Calculate the remainder when 1593215 is divided by 1593200.
15
What is the remainder when 6142532 is divided by 3071173?
186
What is the remainder when 2525069 is divided by 354?
341
Calculate the remainder when 1686426 is divided by 892.
546
Calculate the remainder when 73289 is divided by 2621.
2522
Calculate the remainder when 3165898 is divided by 157.
150
Calculate the remainder when 14478332 is divided by 24.
20
What is the remainder when 41172427 is divided by 571839?
19
What is the remainder when 29753 is divided by 561?
20
What is the remainder when 12194065 is divided by 177?
4
What is the remainder when 8699211 is divided by 5337?
5238
Calculate the remainder when 4526945 is divided by 311.
29
What is the remainder when 52254 is divided by 8689?
120
Calculate the remainder when 908578 is divided by 38.
36
Calculate the remainder when 218852795 is divided by 80.
75
Calculate the remainder when 129636 is divided by 11757.
309
Calculate the remainder when 69123 is divided by 4926.
159
What is the remainder when 159576 is divided by 778?
86
What is the remainder when 7065983 is divided by 3532957?
69
What is the remainder when 10258910 is divided by 39306?
44
Calculate the remainder when 268220 is divided by 53619.
125
What is the remainder when 141105 is divided by 11612?
1761
Calculate the remainder when 901099 is divided by 53004.
31
Calculate the remainder when 716917 is divided by 419.
8
Calculate the remainder when 97716 is divided by 46961.
3794
What is the remainder when 301921 is divided by 4135?
66
What is the remainder when 3673914 is divided by 918452?
106
What is the remainder when 3480390 is divided by 139?
108
What is the remainder when 147138 is divided by 72717?
1704
What is the remainder when 89296 is divided by 721?
613
Calculate the remainder when 4028159 is divided by 3147.
3146
Calculate the remainder when 794504 is divided by 395334.
3836
What is the remainder when 2290522 is divided by 2088?
2074
What is the remainder when 328262 is divided by 163840?
582
What is the remainder when 466928 is divided by 419